8. What is the thousands digit of b(9)?
1
What is the tens digit of (3/6)/((-15)/3324)*-5?
5
Let j be 4/(2/(-1) + 3) - 2. Suppose f - 24 = -j*q - 3*f, 15 = 3*q - f. What is the units digit of q?
6
Let w(s) = 3*s**3 + 13*s**2 - 2*s. Let x be w(-11). What is the hundreds digit of (-29)/9 - -3 - x/18?
1
What is the units digit of (-2 + -1 - -4)/((-2)/(-758))?
9
Suppose -2*o + o + 1 = 0. Suppose 0 = -y - o + 56. What is the units digit of y?
5
Let p(o) = -o + 13. Let i = 24 - 11. Let m be p(i). Let a(n) = -n**2 - n + 19. What is the units digit of a(m)?
9
Suppose j - 107 = -5*f, 4*f + 0*f = 4. Suppose -y + 117 = 2*q - 4*y, 2*y - j = -2*q. What is the tens digit of q?
5
Let h be (-4)/26 + 10/65. Let p(i) = 3 + 3*i - 10 + i**2 + h*i. What is the units digit of p(-6)?
1
Let w = 45 + -13. What is the units digit of 0 + (1 - 3) - (w - 156)?
2
Let i be 7/((-96)/(-400) - 2/10). Suppose -i = -5*d + 75. What is the tens digit of d?
5
Suppose 2*v - 40 = -3*v. Suppose v*j - 7*j + 22 = 0. Let c = j + 29. What is the units digit of c?
7
Let f = 9 - -39. Let m = f - -27. Suppose m - 27 = 4*q. What is the units digit of q?
2
Suppose -2*o = 5*o - 35. Suppose o*q - 127 = -2*z - 25, -2*q - 5*z = -24. What is the units digit of q?
2
Let t be 18/3 - 0/9. What is the tens digit of (3/t*-70)/(1/(-8))?
8
Let y(g) = -223*g - 25. What is the hundreds digit of y(-4)?
8
Suppose -d + 3 = 0, 10*d - 13*d - 1575 = -4*t. What is the tens digit of t?
9
Suppose -5*a + 5*f = -23 - 17, -a - 4*f - 7 = 0. Suppose 4*u - 666 = -5*c, u = -a*c + 3*u + 642. What is the units digit of (-1)/(-3 + c/44)?
2
Suppose 19*a - 2705 = 582. What is the hundreds digit of a?
1
Suppose 5*w - 10 = 0, 181*w - 1864 = -h + 186*w. What is the tens digit of h?
7
Let v be (-2044)/(-24) - (-2)/(-12). Suppose -5*q - s + v = -207, -5*q + 296 = 3*s. What is the tens digit of q?
5
Let l(f) = 7*f. Let z(s) = s**3 + 8*s**2 - 8*s + 11. Let c(u) = -4*u + 3. Let h be c(3). Let a be z(h). What is the units digit of l(a)?
4
Let n = -50 + 63. What is the units digit of n/4*-6*16/(-3)?
4
Let n(w) = w**2 + 7*w + 2. Let u be n(-13). Suppose -4*m - 4*h = 0, h = m - 0*h. Suppose -4*i + 9 = 3*p - 51, 4*p + 4*i - u = m. What is the tens digit of p?
2
Let w(j) = -223*j**3 + 3*j**2 - j - 4. What is the units digit of w(-1)?
3
Let j be (-42)/(-5) - 39/(-65). Suppose j*i - 495 = -0*i. What is the units digit of i?
5
Suppose 0 = -4*f + 5*y + 23803, 183*f = 182*f - 5*y + 5982. What is the thousands digit of f?
5
Let c = 23 - 19. Suppose -g - 28 = -k - 0*k, -2*g + 88 = c*k. What is the units digit of k?
4
Suppose -6*f + 72 = -4*f. What is the tens digit of (37 - f)*(12 + (-1 - -2))?
1
What is the hundreds digit of (-1878)/(-4) - (-3 - (-21)/6)?
4
Let c(s) = s**2 - 8*s + 8. What is the units digit of c(26)?
6
Let o be 0*(1 + 10/(-8)). Suppose -3*g + 5*t = -464, 5*g - t = -o*t + 788. What is the hundreds digit of g?
1
Suppose 0 = 6*g - 12*g + 12. Suppose -2*k + 204 = 4*l + g*k, -2*k = 4*l - 208. What is the units digit of l?
3
What is the thousands digit of (56/21)/(2/2697)?
3
Suppose 25 = 5*u, -y + 123 = u - 3*u. What is the units digit of y?
3
Let a(p) = p**3 + 8*p**2 - 9*p - 8. Let u be a(-9). Let c(w) = -w**3 - 7*w**2 + 6*w - 2. What is the units digit of c(u)?
4
Let u be -5*(1 + -2) + -2. Let t be 1/u + 321/9. Suppose 5*f - 101 + t = 0. What is the tens digit of f?
1
Suppose 0 = -494*h + 477*h + 30328. What is the thousands digit of h?
1
Suppose -5*j = 2*j - 35. Suppose -j*o - 4*o = -891. What is the tens digit of o?
9
Suppose -12*s = -17*s - 640. Suppose 2*y = -5*h - 458, -172 = 2*h - 2*y - 0. Let a = h - s. What is the tens digit of a?
3
Suppose -3*l + 4*l = 2, 3*l + 234 = 2*n. What is the hundreds digit of n?
1
Let a(x) = x**2 - 7*x - 1. Let v be a(-5). Let o = v - 24. What is the tens digit of o?
3
Let o(z) = -2*z - z**3 + 4*z + 8*z**2 - 7*z + 1. Suppose 2*x - 49*i = -51*i + 12, 0 = 3*x - 3*i - 6. What is the units digit of o(x)?
5
Let w be 8/6 + 16/6. Suppose -2*i + 321 = -5*u, w*i - u - u - 602 = 0. What is the hundreds digit of i?
1
Let q(d) = d**3 + 5*d**2 - 46*d - 19. What is the units digit of q(-9)?
1
Let z(c) = -c**3 + c + 88. Let g be ((-6)/(-2) - 3)/(-1). What is the tens digit of z(g)?
8
Let z = -24 + 27. Suppose -o + 0*o = z. What is the units digit of (-684)/48*8/o?
8
Let r(w) = -19*w**3 + w**2 + 2*w + 4. Let z(i) = 13*i**3 - i**2 - i - 3. Let u(y) = 5*r(y) + 8*z(y). What is the units digit of u(2)?
0
Let v = -184 + 351. Suppose -8*t = v - 1911. What is the units digit of t?
8
Suppose 4*t + 112 = 4*a, 3*a - 5*t + t - 82 = 0. Let x be 2/((-13)/5 - -3). What is the tens digit of 888/a + 2/x?
3
Let j = 15 + -12. Let k(x) = -2*x - 12 + 0*x + 6*x - 11*x**2 + x**j. What is the tens digit of k(11)?
3
Suppose -15 = 4*t + 5*o, -2*o - 21 = 5*t + 2*o. Let i(j) = -9*j + 5. Let c be i(t). Suppose -8*p + c = -3*p. What is the tens digit of p?
1
Let p = -18 - -56. Suppose -36*t = -p*t + 92. What is the units digit of t?
6
What is the units digit of 20 + -7 - 9 - -3274?
8
Let j(c) = c. Let k be j(-1). Suppose 0 = 4*u - 6*u + 16. What is the tens digit of k/2*(-94 + u)?
4
Let a be -34 - (-6 + 2) - 0. Let n = 2 - a. What is the units digit of n?
2
Let d = 26 - 71. Let q = 41 - d. What is the units digit of q?
6
Suppose -2*o + 195 = 3*o. Let z be (o/6)/(3/(-6)). Let r = z - -21. What is the units digit of r?
8
Suppose 14744 - 92346 = -23*y. What is the tens digit of y?
7
Let l = 30 + -38. Let t be (-27)/(-12) + 2/l. Suppose 44 = -t*z + 6*z. What is the tens digit of z?
1
Let r be (-3)/15 + 8/(-10). Let s be 3/2*2 + r. Suppose -3*l - 59 = -s*q, -5*q - l = -0*q - 139. What is the units digit of q?
8
Let r(o) = o + 40. Let q be r(-10). Suppose 25*f + 730 = q*f. What is the hundreds digit of f?
1
Let k(c) = -9*c. Let m be k(-1). Suppose m*r + 372 = 12*r. What is the units digit of r?
4
Let n = 535 + 306. What is the tens digit of n?
4
Suppose 4*k - 1788 = 16*k. Let s = k + 208. What is the units digit of s?
9
Let o(m) = -m**2 - 12*m - 10. Let d(t) = t**3 - 6*t**2 - 4*t**2 - t**2 + 4*t + 15 - 6*t. Let g be d(11). What is the units digit of o(g)?
5
Let o be (-2 - 0)*-1*1. Suppose 0 = -5*c + 2*c + 27. What is the units digit of 6*(c + (o - 5))?
6
Let h(f) be the first derivative of 7/3*f**3 + 0*f**2 + 5*f + 1 - 1/4*f**4. What is the units digit of h(7)?
5
Suppose 3*v - 8 = -v. Suppose -v = 3*i - 4*q - 3, 0 = i + q - 5. What is the tens digit of -1*i - 310/(-5)?
5
Suppose c = 5*u - 1 - 8, 0 = c - 3*u + 11. Let f be (-147)/2*(c + 16). What is the units digit of ((-4)/(-6))/((-14)/f)?
7
What is the tens digit of 5 - (-619)/2*2?
2
Suppose 14515 = 5*g + 2*a, -5*g - a + 15277 = 767. What is the units digit of g?
1
Suppose -4*i + 29 = 1. Let a(s) = -s**2 + 9*s - 10. Let k be a(i). What is the units digit of 2/4 - (-126)/k?
2
Let l be 2662/7 + -4*2/28. Suppose -76 - l = -4*x. What is the tens digit of x?
1
Let a be (2 + 3)*-1*-1. Suppose 1 = -a*j - 3*c + 6, 0 = 4*j + 4*c + 4. What is the units digit of j?
4
Let m(g) be the third derivative of -g**4/3 + g**3/6 + 16*g**2. What is the units digit of m(-12)?
7
Let t be 5/(-7) + (-10)/35. Let j be (-2 + 1 + -2)/t. Suppose -o + 14 = -0*o - j*l, 4*l + 26 = 5*o. What is the units digit of o?
2
Suppose -2*v + 2649 = 559. What is the thousands digit of v?
1
Let f = 26 + -15. Suppose 366 = 5*v + f. What is the units digit of v?
1
Let f(o) = 3*o**2 - 3*o - 19. Let i(j) = -7*j**2 + 7*j + 39. Let r(m) = -5*f(m) - 2*i(m). Let w be r(7). Let k = 12 - w. What is the units digit of k?
7
Let t = -30 + 706. What is the hundreds digit of t?
6
Suppose 0 = 4*z - 5*z - 5*o + 124, 3*z + 4*o - 383 = 0. What is the hundreds digit of z?
1
Let m(b) = b + 1. Let p be m(7). Suppose -p*f = -5*f - 6. What is the units digit of f?
2
Suppose -168 - 2332 = -5*l. What is the tens digit of l?
0
Let v be (4 - 115)/(-1) + -3. Let u = 76 - v. What is the tens digit of 6/(-8) + (-1784)/u?
5
Suppose d - 8 = -0*f - f, 40 = 5*d + 3*f. Suppose 0 = 4*p - d*p - 160. What is the tens digit of (-6)/10 - 2064/p?
5
Let h = -725 - -1067. What is the tens digit of h?
4
Suppose -q + 5*j = -23, 0 = -q + 3*j - j + 32. Suppose 4*p - 231 = -35. Suppose -2*t + 3*z + 23 = -q, 3*t = -4*z + p. What is the units digit of t?
3
Suppose 3*z = z. Suppose -3*d + 